{"id":145,"date":"2021-06-07T17:57:57","date_gmt":"2021-06-07T17:57:57","guid":{"rendered":"http:\/\/wp.fehmarnbootsverleih.de\/?page_id=145"},"modified":"2024-10-21T14:59:48","modified_gmt":"2024-10-21T13:59:48","slug":"anfahrt","status":"publish","type":"page","link":"https:\/\/fehmarn-bootsverleih.de\/?page_id=145","title":{"rendered":"Anfahrt"},"content":{"rendered":"\n<div class=\"wp-block-group alignfull is-style-default has-subtle-background-background-color has-background\"><div class=\"wp-block-group__inner-container is-layout-flow wp-block-group-is-layout-flow\">\n<h2 class=\"wp-block-heading has-text-align-center\">Anfahrt<\/h2>\n\n\n<div class=\"wp-block-image\">\n<figure class=\"aligncenter size-large is-resized\"><img loading=\"lazy\" decoding=\"async\" width=\"512\" height=\"512\" src=\"https:\/\/fehmarn-bootsverleih.de\/wp-content\/uploads\/2021\/06\/Anfahrt.png\" alt=\"\" class=\"wp-image-1854\" style=\"width:152px;height:152px\" srcset=\"https:\/\/fehmarn-bootsverleih.de\/wp-content\/uploads\/2021\/06\/Anfahrt.png 512w, https:\/\/fehmarn-bootsverleih.de\/wp-content\/uploads\/2021\/06\/Anfahrt-300x300.png 300w, https:\/\/fehmarn-bootsverleih.de\/wp-content\/uploads\/2021\/06\/Anfahrt-150x150.png 150w\" sizes=\"(max-width: 512px) 100vw, 512px\" \/><\/figure><\/div>\n\n\n<p class=\"has-text-align-center\">     Sie finden uns auf dem <a href=\"https:\/\/www.camping-miramar.de\/\" target=\"_blank\" rel=\"noreferrer noopener\">Campingplatz Miramar<\/a>.<\/p>\n\n\n\n<p class=\"has-text-align-center\">Fehmarnsund 70<\/p>\n\n\n\n<p><strong>     <\/strong>                                        23769 Fehmarn<\/p>\n\n\n\n<p>                               Ab 15.10.2024.sind wir im Winterschlaf <\/p>\n\n\n\n<p>                            wieder ge\u00f6ffnet ab Ostern bis ca. 15.10.2025<\/p>\n<\/div><\/div>\n\n\n\n<div style=\"height:26px\" aria-hidden=\"true\" class=\"wp-block-spacer\"><\/div>\n\n\n\n<p>Fahren Sie \u00fcber die Fehmarnsundbr\u00fccke, <strong>erste Abfahrt<\/strong> herunter und <strong>rechts <\/strong>abbiegen <strong>Richtung Avendorf<\/strong>. In Avendorf folgen Sie bitte der Beschilderung Richtung \u201eCampingplatz Miramar\u201c. Auf dem Campingplatz links <strong>hinter dem Minigolfplatz<\/strong> finden Sie unseren Standort.<\/p>\n\n\n\n<p class=\"has-text-align-center\"><a href=\"https:\/\/goo.gl\/maps\/fbcbHFN4v91otpfB8\" target=\"_blank\" rel=\"noreferrer noopener\">Zum Routenplaner von Google Maps.<\/a><\/p>\n\n\n\n<figure class=\"wp-block-image size-large\"><a href=\"https:\/\/goo.gl\/maps\/fbcbHFN4v91otpfB8\" target=\"_blank\" rel=\"noopener\"><img loading=\"lazy\" decoding=\"async\" width=\"799\" height=\"598\" src=\"https:\/\/fehmarn-bootsverleih.de\/wp-content\/uploads\/2021\/06\/taro_map.png\" alt=\"\" class=\"wp-image-991\" srcset=\"https:\/\/fehmarn-bootsverleih.de\/wp-content\/uploads\/2021\/06\/taro_map.png 799w, https:\/\/fehmarn-bootsverleih.de\/wp-content\/uploads\/2021\/06\/taro_map-300x225.png 300w, https:\/\/fehmarn-bootsverleih.de\/wp-content\/uploads\/2021\/06\/taro_map-768x575.png 768w\" sizes=\"(max-width: 799px) 100vw, 799px\" \/><\/a><\/figure>\n\n\n\n<figure class=\"wp-block-image size-large\"><img loading=\"lazy\" decoding=\"async\" width=\"1024\" height=\"768\" src=\"https:\/\/fehmarn-bootsverleih.de\/wp-content\/uploads\/2021\/06\/TaroCharterbooteVonOben-Gross-1024x768.jpg\" alt=\"\" class=\"wp-image-1798\" srcset=\"https:\/\/fehmarn-bootsverleih.de\/wp-content\/uploads\/2021\/06\/TaroCharterbooteVonOben-Gross-1024x768.jpg 1024w, https:\/\/fehmarn-bootsverleih.de\/wp-content\/uploads\/2021\/06\/TaroCharterbooteVonOben-Gross-300x225.jpg 300w, https:\/\/fehmarn-bootsverleih.de\/wp-content\/uploads\/2021\/06\/TaroCharterbooteVonOben-Gross-768x576.jpg 768w, https:\/\/fehmarn-bootsverleih.de\/wp-content\/uploads\/2021\/06\/TaroCharterbooteVonOben-Gross-1200x900.jpg 1200w, https:\/\/fehmarn-bootsverleih.de\/wp-content\/uploads\/2021\/06\/TaroCharterbooteVonOben-Gross.jpg 1440w\" sizes=\"(max-width: 1024px) 100vw, 1024px\" \/><figcaption class=\"wp-element-caption\">Taro Charterboote von oben<\/figcaption><\/figure>\n","protected":false},"excerpt":{"rendered":"<p>Anfahrt Sie finden uns auf dem Campingplatz Miramar. Fehmarnsund 70 23769 Fehmarn Ab 15.10.2024.sind wir im Winterschlaf wieder ge\u00f6ffnet ab Ostern bis ca. 15.10.2025 Fahren Sie \u00fcber die Fehmarnsundbr\u00fccke, erste Abfahrt herunter und rechts abbiegen Richtung Avendorf. In Avendorf folgen Sie bitte der Beschilderung Richtung \u201eCampingplatz Miramar\u201c. Auf dem Campingplatz links hinter dem Minigolfplatz finden&hellip;<\/p>\n","protected":false},"author":1,"featured_media":0,"parent":0,"menu_order":0,"comment_status":"closed","ping_status":"closed","template":"tw-no-title.php","meta":{"footnotes":""},"_links":{"self":[{"href":"https:\/\/fehmarn-bootsverleih.de\/index.php?rest_route=\/wp\/v2\/pages\/145"}],"collection":[{"href":"https:\/\/fehmarn-bootsverleih.de\/index.php?rest_route=\/wp\/v2\/pages"}],"about":[{"href":"https:\/\/fehmarn-bootsverleih.de\/index.php?rest_route=\/wp\/v2\/types\/page"}],"author":[{"embeddable":true,"href":"https:\/\/fehmarn-bootsverleih.de\/index.php?rest_route=\/wp\/v2\/users\/1"}],"replies":[{"embeddable":true,"href":"https:\/\/fehmarn-bootsverleih.de\/index.php?rest_route=%2Fwp%2Fv2%2Fcomments&post=145"}],"version-history":[{"count":50,"href":"https:\/\/fehmarn-bootsverleih.de\/index.php?rest_route=\/wp\/v2\/pages\/145\/revisions"}],"predecessor-version":[{"id":2065,"href":"https:\/\/fehmarn-bootsverleih.de\/index.php?rest_route=\/wp\/v2\/pages\/145\/revisions\/2065"}],"wp:attachment":[{"href":"https:\/\/fehmarn-bootsverleih.de\/index.php?rest_route=%2Fwp%2Fv2%2Fmedia&parent=145"}],"curies":[{"name":"wp","href":"https:\/\/api.w.org\/{rel}","templated":true}]}}