{"id":138,"date":"2021-06-07T17:42:01","date_gmt":"2021-06-07T17:42:01","guid":{"rendered":"http:\/\/wp.fehmarnbootsverleih.de\/?page_id=138"},"modified":"2024-04-23T15:47:27","modified_gmt":"2024-04-23T14:47:27","slug":"wohnwagen","status":"publish","type":"page","link":"https:\/\/fehmarn-bootsverleih.de\/?page_id=138","title":{"rendered":"Wohnwagen"},"content":{"rendered":"\n<div class=\"wp-block-group alignfull has-subtle-background-background-color has-background\"><div class=\"wp-block-group__inner-container is-layout-flow wp-block-group-is-layout-flow\">\n<h2 class=\"wp-block-heading has-text-align-center\">Wohnwagen<\/h2>\n\n\n<div class=\"wp-block-image\">\n<figure class=\"aligncenter size-large is-resized\"><img loading=\"lazy\" decoding=\"async\" width=\"512\" height=\"512\" src=\"https:\/\/fehmarn-bootsverleih.de\/wp-content\/uploads\/2021\/06\/Wohnwagen-1.png\" alt=\"\" class=\"wp-image-1832\" style=\"width:183px;height:183px\" srcset=\"https:\/\/fehmarn-bootsverleih.de\/wp-content\/uploads\/2021\/06\/Wohnwagen-1.png 512w, https:\/\/fehmarn-bootsverleih.de\/wp-content\/uploads\/2021\/06\/Wohnwagen-1-300x300.png 300w, https:\/\/fehmarn-bootsverleih.de\/wp-content\/uploads\/2021\/06\/Wohnwagen-1-150x150.png 150w\" sizes=\"(max-width: 512px) 100vw, 512px\" \/><\/figure><\/div>\n\n\n<p>F\u00fcr unsere Angler und Ferieng\u00e4ste stehen das ganze Jahr unsere Mietwohnwagen mit gro\u00dfen Vorzelten bereit. Die Wohnwagen stehen auf einem der<strong> besten 5 Sterne Campingpl\u00e4tze Fehmarn\u00b4s <\/strong> Sie sind mit Heizung, WC, Waschbecken, sowie mit P\u00f6tt und Pann komplett eingerichtet. Die Vorzelte sind mit Holzfu\u00dfboden, Heizung, K\u00fcchenzeile, K\u00fchlschrank, Wasserkocher, Kaffeemaschine, Tassen, Teller, Sch\u00fcsseln und Bestecke ausgestattet. Vier Personen finden reichlich Platz. Bei uns sind auch Kinder und Ihre Haustiere herzlich willkommen!<\/p>\n\n\n\n<p>Die Bilder von den gezeigten WW k\u00f6nnen vom Original abweichen, weil immer wieder WW ausgetauscht, oder renoviert werden.<\/p>\n\n\n\n<p><strong>F\u00fcr die Ferienzeit bitte fr\u00fchzeitig buchen !! <\/strong><\/p>\n\n\n\n<p><strong>Bitte Kopfkissen,<\/strong><strong> Decke oder Schlafsack  mitbringen<\/strong>.<\/p>\n\n\n\n<p>Und hier noch einige Beispielfotos mit Eindr\u00fccken der Ausstattung und Einrichtung unserer Wohnwagen.<\/p>\n\n\n\n<p class=\"has-text-align-center\"><a href=\"https:\/\/fehmarn-bootsverleih.de\/?page_id=140#wohnwagen\">Zu den Preisen.<\/a><\/p>\n<\/div><\/div>\n\n\n\n<div class=\"wp-block-media-text alignwide is-stacked-on-mobile is-vertically-aligned-top is-style-default\"><figure class=\"wp-block-media-text__media\"><img loading=\"lazy\" decoding=\"async\" width=\"400\" height=\"300\" src=\"https:\/\/fehmarn-bootsverleih.de\/wp-content\/uploads\/2021\/06\/wohn1.png\" alt=\"\" class=\"wp-image-633 size-full\" srcset=\"https:\/\/fehmarn-bootsverleih.de\/wp-content\/uploads\/2021\/06\/wohn1.png 400w, https:\/\/fehmarn-bootsverleih.de\/wp-content\/uploads\/2021\/06\/wohn1-300x225.png 300w\" sizes=\"(max-width: 400px) 100vw, 400px\" \/><\/figure><div class=\"wp-block-media-text__content\">\n<p>Das gesamte <a href=\"https:\/\/www.camping-miramar.de\/deutsch\/bildergalerie\/\" target=\"_blank\" rel=\"noreferrer noopener\">Animationsprogramm des Campingplatzes<\/a> kann in der Saison von Ihnen und Ihren Kindern, \u00fcberwiegend kostenfrei genutzt werden. Planen Sie einen Ausflug mit Ihren Kindern auf einem unserer Boote, sicherlich ein unverge\u00dfliches Erlebniss. <\/p>\n<\/div><\/div>\n\n\n\n<div class=\"wp-block-media-text alignwide is-stacked-on-mobile is-vertically-aligned-top is-style-default\"><figure class=\"wp-block-media-text__media\"><img loading=\"lazy\" decoding=\"async\" width=\"400\" height=\"300\" src=\"https:\/\/fehmarn-bootsverleih.de\/wp-content\/uploads\/2021\/06\/wohn2.png\" alt=\"\" class=\"wp-image-635 size-full\" srcset=\"https:\/\/fehmarn-bootsverleih.de\/wp-content\/uploads\/2021\/06\/wohn2.png 400w, https:\/\/fehmarn-bootsverleih.de\/wp-content\/uploads\/2021\/06\/wohn2-300x225.png 300w\" sizes=\"(max-width: 400px) 100vw, 400px\" \/><\/figure><div class=\"wp-block-media-text__content\">\n<p>Tische und St\u00fchle f\u00fcr den Aussenbereich finden Sie bei jedem Wohnwagen. Viel Platz zum Grillen und relaxen.<\/p>\n\n\n\n<p>Propangas mu\u00df selbst ( am Platz ) besorgt werden. Leer &#8211; Leihflaschen sind nat\u00fcrlich vorhanden.<\/p>\n<\/div><\/div>\n\n\n\n<div class=\"wp-block-media-text alignwide is-stacked-on-mobile is-vertically-aligned-top is-style-default\"><figure class=\"wp-block-media-text__media\"><img loading=\"lazy\" decoding=\"async\" width=\"400\" height=\"300\" src=\"https:\/\/fehmarn-bootsverleih.de\/wp-content\/uploads\/2021\/06\/wohn3.png\" alt=\"\" class=\"wp-image-636 size-full\" srcset=\"https:\/\/fehmarn-bootsverleih.de\/wp-content\/uploads\/2021\/06\/wohn3.png 400w, https:\/\/fehmarn-bootsverleih.de\/wp-content\/uploads\/2021\/06\/wohn3-300x225.png 300w\" sizes=\"(max-width: 400px) 100vw, 400px\" \/><\/figure><div class=\"wp-block-media-text__content\">\n<p>Platz ist reichlich, denn alle Wohnwagen sind mit gro\u00dfen Vorzelten ausgestattet. Tisch, St\u00fchle, Holzf\u00fc\u00dfb\u00f6den, Vorzeltheizung, Strom und flie\u00dfend Wasser, sind Standard.<\/p>\n<\/div><\/div>\n\n\n\n<div class=\"wp-block-media-text alignwide is-stacked-on-mobile is-vertically-aligned-top is-style-default\"><figure class=\"wp-block-media-text__media\"><img loading=\"lazy\" decoding=\"async\" width=\"400\" height=\"300\" src=\"https:\/\/fehmarn-bootsverleih.de\/wp-content\/uploads\/2021\/06\/wohn4.png\" alt=\"\" class=\"wp-image-637 size-full\" srcset=\"https:\/\/fehmarn-bootsverleih.de\/wp-content\/uploads\/2021\/06\/wohn4.png 400w, https:\/\/fehmarn-bootsverleih.de\/wp-content\/uploads\/2021\/06\/wohn4-300x225.png 300w\" sizes=\"(max-width: 400px) 100vw, 400px\" \/><\/figure><div class=\"wp-block-media-text__content\">\n<p>Der K\u00fcchentrakt ist komplett ausgestattet. E Herd, Sp\u00fcle, K\u00fchlschrank, Eisschrank, Wasserkocher, Kaffeemaschine, Bestecke, P\u00f6tt und Pannen. F\u00fcr Alles ist gesorgt.<\/p>\n<\/div><\/div>\n\n\n\n<div class=\"wp-block-media-text alignwide is-stacked-on-mobile is-vertically-aligned-top is-style-default\"><figure class=\"wp-block-media-text__media\"><img loading=\"lazy\" decoding=\"async\" width=\"400\" height=\"300\" src=\"https:\/\/fehmarn-bootsverleih.de\/wp-content\/uploads\/2021\/06\/wohn4b.png\" alt=\"\" class=\"wp-image-638 size-full\" srcset=\"https:\/\/fehmarn-bootsverleih.de\/wp-content\/uploads\/2021\/06\/wohn4b.png 400w, https:\/\/fehmarn-bootsverleih.de\/wp-content\/uploads\/2021\/06\/wohn4b-300x225.png 300w\" sizes=\"(max-width: 400px) 100vw, 400px\" \/><\/figure><div class=\"wp-block-media-text__content\">\n<p>Fangen, einfrieren, mitnehmen! Der Gefrierschrank hat&nbsp;f\u00fcr viele Dinge Platz&#8230; nicht nur f\u00fcr Fisch.<\/p>\n<\/div><\/div>\n\n\n\n<div class=\"wp-block-media-text alignwide is-stacked-on-mobile is-vertically-aligned-top is-style-default\"><figure class=\"wp-block-media-text__media\"><img loading=\"lazy\" decoding=\"async\" width=\"400\" height=\"300\" src=\"https:\/\/fehmarn-bootsverleih.de\/wp-content\/uploads\/2021\/06\/wohn5.png\" alt=\"\" class=\"wp-image-639 size-full\" srcset=\"https:\/\/fehmarn-bootsverleih.de\/wp-content\/uploads\/2021\/06\/wohn5.png 400w, https:\/\/fehmarn-bootsverleih.de\/wp-content\/uploads\/2021\/06\/wohn5-300x225.png 300w\" sizes=\"(max-width: 400px) 100vw, 400px\" \/><\/figure><div class=\"wp-block-media-text__content\">\n<p>Alle Wohnwagen sind Sateliten TV vorbereitet. Receiver stehen zur Verf\u00fcgung. Bitte nicht vergessen!! Schlafsack, Bettdecken und Bettzeug mitzubringen!<\/p>\n<\/div><\/div>\n\n\n\n<div class=\"wp-block-media-text alignwide is-stacked-on-mobile is-vertically-aligned-top is-style-default\"><figure class=\"wp-block-media-text__media\"><img loading=\"lazy\" decoding=\"async\" width=\"400\" height=\"300\" src=\"https:\/\/fehmarn-bootsverleih.de\/wp-content\/uploads\/2021\/06\/wohn6.png\" alt=\"\" class=\"wp-image-640 size-full\" srcset=\"https:\/\/fehmarn-bootsverleih.de\/wp-content\/uploads\/2021\/06\/wohn6.png 400w, https:\/\/fehmarn-bootsverleih.de\/wp-content\/uploads\/2021\/06\/wohn6-300x225.png 300w\" sizes=\"(max-width: 400px) 100vw, 400px\" \/><\/figure><div class=\"wp-block-media-text__content\">\n<p>Im linken Bereich befindet sich die Toilette und Waschbecken mit den \u00fcblichen Ausma\u00dfen. Alle WW haben Kanalanschlu\u00df. Selbst entsorgen war Gestern !!<\/p>\n<\/div><\/div>\n\n\n\n<div class=\"wp-block-media-text alignwide is-stacked-on-mobile is-vertically-aligned-top is-style-default\"><figure class=\"wp-block-media-text__media\"><img loading=\"lazy\" decoding=\"async\" width=\"400\" height=\"300\" src=\"https:\/\/fehmarn-bootsverleih.de\/wp-content\/uploads\/2021\/06\/wohn7.png\" alt=\"\" class=\"wp-image-641 size-full\" srcset=\"https:\/\/fehmarn-bootsverleih.de\/wp-content\/uploads\/2021\/06\/wohn7.png 400w, https:\/\/fehmarn-bootsverleih.de\/wp-content\/uploads\/2021\/06\/wohn7-300x225.png 300w\" sizes=\"(max-width: 400px) 100vw, 400px\" \/><\/figure><div class=\"wp-block-media-text__content\">\n<p>hier ein kurzer Blick ins Elternschlafzimmer<\/p>\n<\/div><\/div>\n\n\n\n<div class=\"wp-block-media-text alignwide is-stacked-on-mobile is-vertically-aligned-top is-style-default\"><figure class=\"wp-block-media-text__media\"><img loading=\"lazy\" decoding=\"async\" width=\"400\" height=\"533\" src=\"https:\/\/fehmarn-bootsverleih.de\/wp-content\/uploads\/2021\/06\/wohn8.png\" alt=\"\" class=\"wp-image-642 size-full\" srcset=\"https:\/\/fehmarn-bootsverleih.de\/wp-content\/uploads\/2021\/06\/wohn8.png 400w, https:\/\/fehmarn-bootsverleih.de\/wp-content\/uploads\/2021\/06\/wohn8-225x300.png 225w\" sizes=\"(max-width: 400px) 100vw, 400px\" \/><\/figure><div class=\"wp-block-media-text__content\">\n<p>Die Kaminecke l\u00e4d auch mal bei nicht so sch\u00f6nem Wetter zum fernsehen ein. TV. Ger\u00e4t excl.<\/p>\n<\/div><\/div>\n\n\n\n<div class=\"wp-block-media-text alignwide is-stacked-on-mobile is-vertically-aligned-top is-style-default\"><figure class=\"wp-block-media-text__media\"><img loading=\"lazy\" decoding=\"async\" width=\"400\" height=\"300\" src=\"https:\/\/fehmarn-bootsverleih.de\/wp-content\/uploads\/2021\/06\/wohn9.png\" alt=\"\" class=\"wp-image-643 size-full\" srcset=\"https:\/\/fehmarn-bootsverleih.de\/wp-content\/uploads\/2021\/06\/wohn9.png 400w, https:\/\/fehmarn-bootsverleih.de\/wp-content\/uploads\/2021\/06\/wohn9-300x225.png 300w\" sizes=\"(max-width: 400px) 100vw, 400px\" \/><\/figure><div class=\"wp-block-media-text__content\">\n<p>Das Wohnzimmer kann zur gro\u00dfen Liegewiese umgebaut werden, auf der es sich vortrefflich kuscheln l\u00e4st.<\/p>\n<\/div><\/div>\n","protected":false},"excerpt":{"rendered":"<p>Bei Taro- Charterboote stehen f\u00fcr Angler und Ferieng\u00e4ste das ganze Jahr unsere Mietwohnwagen mit gro\u00dfen Vorzelten bereit.<\/p>\n","protected":false},"author":1,"featured_media":0,"parent":0,"menu_order":0,"comment_status":"closed","ping_status":"closed","template":"tw-no-title.php","meta":{"footnotes":""},"_links":{"self":[{"href":"https:\/\/fehmarn-bootsverleih.de\/index.php?rest_route=\/wp\/v2\/pages\/138"}],"collection":[{"href":"https:\/\/fehmarn-bootsverleih.de\/index.php?rest_route=\/wp\/v2\/pages"}],"about":[{"href":"https:\/\/fehmarn-bootsverleih.de\/index.php?rest_route=\/wp\/v2\/types\/page"}],"author":[{"embeddable":true,"href":"https:\/\/fehmarn-bootsverleih.de\/index.php?rest_route=\/wp\/v2\/users\/1"}],"replies":[{"embeddable":true,"href":"https:\/\/fehmarn-bootsverleih.de\/index.php?rest_route=%2Fwp%2Fv2%2Fcomments&post=138"}],"version-history":[{"count":33,"href":"https:\/\/fehmarn-bootsverleih.de\/index.php?rest_route=\/wp\/v2\/pages\/138\/revisions"}],"predecessor-version":[{"id":2060,"href":"https:\/\/fehmarn-bootsverleih.de\/index.php?rest_route=\/wp\/v2\/pages\/138\/revisions\/2060"}],"wp:attachment":[{"href":"https:\/\/fehmarn-bootsverleih.de\/index.php?rest_route=%2Fwp%2Fv2%2Fmedia&parent=138"}],"curies":[{"name":"wp","href":"https:\/\/api.w.org\/{rel}","templated":true}]}}

<div class="wp-block-group alignfull has-subtle-background-background-color has-background"><div class="wp-block-group__inner-container is-layout-flow wp-block-group-is-layout-flow">
<h2 class="wp-block-heading has-text-align-center">Wohnwagen</h2>


<div class="wp-block-image">
<figure class="aligncenter size-large is-resized"><img loading="lazy" decoding="async" width="512" height="512" src="https://fehmarn-bootsverleih.de/wp-content/uploads/2021/06/Wohnwagen-1.png" alt="" class="wp-image-1832" style="width:183px;height:183px" srcset="https://fehmarn-bootsverleih.de/wp-content/uploads/2021/06/Wohnwagen-1.png 512w, https://fehmarn-bootsverleih.de/wp-content/uploads/2021/06/Wohnwagen-1-300x300.png 300w, https://fehmarn-bootsverleih.de/wp-content/uploads/2021/06/Wohnwagen-1-150x150.png 150w" sizes="(max-width: 512px) 100vw, 512px" /></figure></div>


<p>Für unsere Angler und Feriengäste stehen das ganze Jahr unsere Mietwohnwagen mit großen Vorzelten bereit. Die Wohnwagen stehen auf einem der<strong> besten 5 Sterne Campingplätze Fehmarn´s </strong> Sie sind mit Heizung, WC, Waschbecken, sowie mit Pött und Pann komplett eingerichtet. Die Vorzelte sind mit Holzfußboden, Heizung, Küchenzeile, Kühlschrank, Wasserkocher, Kaffeemaschine, Tassen, Teller, Schüsseln und Bestecke ausgestattet. Vier Personen finden reichlich Platz. Bei uns sind auch Kinder und Ihre Haustiere herzlich willkommen!</p>



<p>Die Bilder von den gezeigten WW können vom Original abweichen, weil immer wieder WW ausgetauscht, oder renoviert werden.</p>



<p><strong>Für die Ferienzeit bitte frühzeitig buchen !! </strong></p>



<p><strong>Bitte Kopfkissen,</strong><strong> Decke oder Schlafsack  mitbringen</strong>.</p>



<p>Und hier noch einige Beispielfotos mit Eindrücken der Ausstattung und Einrichtung unserer Wohnwagen.</p>



<p class="has-text-align-center"><a href="https://fehmarn-bootsverleih.de/?page_id=140#wohnwagen">Zu den Preisen.</a></p>
</div></div>



<div class="wp-block-media-text alignwide is-stacked-on-mobile is-vertically-aligned-top is-style-default"><figure class="wp-block-media-text__media"><img loading="lazy" decoding="async" width="400" height="300" src="https://fehmarn-bootsverleih.de/wp-content/uploads/2021/06/wohn1.png" alt="" class="wp-image-633 size-full" srcset="https://fehmarn-bootsverleih.de/wp-content/uploads/2021/06/wohn1.png 400w, https://fehmarn-bootsverleih.de/wp-content/uploads/2021/06/wohn1-300x225.png 300w" sizes="(max-width: 400px) 100vw, 400px" /></figure><div class="wp-block-media-text__content">
<p>Das gesamte <a href="https://www.camping-miramar.de/deutsch/bildergalerie/" target="_blank" rel="noreferrer noopener">Animationsprogramm des Campingplatzes</a> kann in der Saison von Ihnen und Ihren Kindern, überwiegend kostenfrei genutzt werden. Planen Sie einen Ausflug mit Ihren Kindern auf einem unserer Boote, sicherlich ein unvergeßliches Erlebniss. </p>
</div></div>



<div class="wp-block-media-text alignwide is-stacked-on-mobile is-vertically-aligned-top is-style-default"><figure class="wp-block-media-text__media"><img loading="lazy" decoding="async" width="400" height="300" src="https://fehmarn-bootsverleih.de/wp-content/uploads/2021/06/wohn2.png" alt="" class="wp-image-635 size-full" srcset="https://fehmarn-bootsverleih.de/wp-content/uploads/2021/06/wohn2.png 400w, https://fehmarn-bootsverleih.de/wp-content/uploads/2021/06/wohn2-300x225.png 300w" sizes="(max-width: 400px) 100vw, 400px" /></figure><div class="wp-block-media-text__content">
<p>Tische und Stühle für den Aussenbereich finden Sie bei jedem Wohnwagen. Viel Platz zum Grillen und relaxen.</p>



<p>Propangas muß selbst ( am Platz ) besorgt werden. Leer &#8211; Leihflaschen sind natürlich vorhanden.</p>
</div></div>



<div class="wp-block-media-text alignwide is-stacked-on-mobile is-vertically-aligned-top is-style-default"><figure class="wp-block-media-text__media"><img loading="lazy" decoding="async" width="400" height="300" src="https://fehmarn-bootsverleih.de/wp-content/uploads/2021/06/wohn3.png" alt="" class="wp-image-636 size-full" srcset="https://fehmarn-bootsverleih.de/wp-content/uploads/2021/06/wohn3.png 400w, https://fehmarn-bootsverleih.de/wp-content/uploads/2021/06/wohn3-300x225.png 300w" sizes="(max-width: 400px) 100vw, 400px" /></figure><div class="wp-block-media-text__content">
<p>Platz ist reichlich, denn alle Wohnwagen sind mit großen Vorzelten ausgestattet. Tisch, Stühle, Holzfüßböden, Vorzeltheizung, Strom und fließend Wasser, sind Standard.</p>
</div></div>



<div class="wp-block-media-text alignwide is-stacked-on-mobile is-vertically-aligned-top is-style-default"><figure class="wp-block-media-text__media"><img loading="lazy" decoding="async" width="400" height="300" src="https://fehmarn-bootsverleih.de/wp-content/uploads/2021/06/wohn4.png" alt="" class="wp-image-637 size-full" srcset="https://fehmarn-bootsverleih.de/wp-content/uploads/2021/06/wohn4.png 400w, https://fehmarn-bootsverleih.de/wp-content/uploads/2021/06/wohn4-300x225.png 300w" sizes="(max-width: 400px) 100vw, 400px" /></figure><div class="wp-block-media-text__content">
<p>Der Küchentrakt ist komplett ausgestattet. E Herd, Spüle, Kühlschrank, Eisschrank, Wasserkocher, Kaffeemaschine, Bestecke, Pött und Pannen. Für Alles ist gesorgt.</p>
</div></div>



<div class="wp-block-media-text alignwide is-stacked-on-mobile is-vertically-aligned-top is-style-default"><figure class="wp-block-media-text__media"><img loading="lazy" decoding="async" width="400" height="300" src="https://fehmarn-bootsverleih.de/wp-content/uploads/2021/06/wohn4b.png" alt="" class="wp-image-638 size-full" srcset="https://fehmarn-bootsverleih.de/wp-content/uploads/2021/06/wohn4b.png 400w, https://fehmarn-bootsverleih.de/wp-content/uploads/2021/06/wohn4b-300x225.png 300w" sizes="(max-width: 400px) 100vw, 400px" /></figure><div class="wp-block-media-text__content">
<p>Fangen, einfrieren, mitnehmen! Der Gefrierschrank hat&nbsp;für viele Dinge Platz&#8230; nicht nur für Fisch.</p>
</div></div>



<div class="wp-block-media-text alignwide is-stacked-on-mobile is-vertically-aligned-top is-style-default"><figure class="wp-block-media-text__media"><img loading="lazy" decoding="async" width="400" height="300" src="https://fehmarn-bootsverleih.de/wp-content/uploads/2021/06/wohn5.png" alt="" class="wp-image-639 size-full" srcset="https://fehmarn-bootsverleih.de/wp-content/uploads/2021/06/wohn5.png 400w, https://fehmarn-bootsverleih.de/wp-content/uploads/2021/06/wohn5-300x225.png 300w" sizes="(max-width: 400px) 100vw, 400px" /></figure><div class="wp-block-media-text__content">
<p>Alle Wohnwagen sind Sateliten TV vorbereitet. Receiver stehen zur Verfügung. Bitte nicht vergessen!! Schlafsack, Bettdecken und Bettzeug mitzubringen!</p>
</div></div>



<div class="wp-block-media-text alignwide is-stacked-on-mobile is-vertically-aligned-top is-style-default"><figure class="wp-block-media-text__media"><img loading="lazy" decoding="async" width="400" height="300" src="https://fehmarn-bootsverleih.de/wp-content/uploads/2021/06/wohn6.png" alt="" class="wp-image-640 size-full" srcset="https://fehmarn-bootsverleih.de/wp-content/uploads/2021/06/wohn6.png 400w, https://fehmarn-bootsverleih.de/wp-content/uploads/2021/06/wohn6-300x225.png 300w" sizes="(max-width: 400px) 100vw, 400px" /></figure><div class="wp-block-media-text__content">
<p>Im linken Bereich befindet sich die Toilette und Waschbecken mit den üblichen Ausmaßen. Alle WW haben Kanalanschluß. Selbst entsorgen war Gestern !!</p>
</div></div>



<div class="wp-block-media-text alignwide is-stacked-on-mobile is-vertically-aligned-top is-style-default"><figure class="wp-block-media-text__media"><img loading="lazy" decoding="async" width="400" height="300" src="https://fehmarn-bootsverleih.de/wp-content/uploads/2021/06/wohn7.png" alt="" class="wp-image-641 size-full" srcset="https://fehmarn-bootsverleih.de/wp-content/uploads/2021/06/wohn7.png 400w, https://fehmarn-bootsverleih.de/wp-content/uploads/2021/06/wohn7-300x225.png 300w" sizes="(max-width: 400px) 100vw, 400px" /></figure><div class="wp-block-media-text__content">
<p>hier ein kurzer Blick ins Elternschlafzimmer</p>
</div></div>



<div class="wp-block-media-text alignwide is-stacked-on-mobile is-vertically-aligned-top is-style-default"><figure class="wp-block-media-text__media"><img loading="lazy" decoding="async" width="400" height="533" src="https://fehmarn-bootsverleih.de/wp-content/uploads/2021/06/wohn8.png" alt="" class="wp-image-642 size-full" srcset="https://fehmarn-bootsverleih.de/wp-content/uploads/2021/06/wohn8.png 400w, https://fehmarn-bootsverleih.de/wp-content/uploads/2021/06/wohn8-225x300.png 225w" sizes="(max-width: 400px) 100vw, 400px" /></figure><div class="wp-block-media-text__content">
<p>Die Kaminecke läd auch mal bei nicht so schönem Wetter zum fernsehen ein. TV. Gerät excl.</p>
</div></div>



<div class="wp-block-media-text alignwide is-stacked-on-mobile is-vertically-aligned-top is-style-default"><figure class="wp-block-media-text__media"><img loading="lazy" decoding="async" width="400" height="300" src="https://fehmarn-bootsverleih.de/wp-content/uploads/2021/06/wohn9.png" alt="" class="wp-image-643 size-full" srcset="https://fehmarn-bootsverleih.de/wp-content/uploads/2021/06/wohn9.png 400w, https://fehmarn-bootsverleih.de/wp-content/uploads/2021/06/wohn9-300x225.png 300w" sizes="(max-width: 400px) 100vw, 400px" /></figure><div class="wp-block-media-text__content">
<p>Das Wohnzimmer kann zur großen Liegewiese umgebaut werden, auf der es sich vortrefflich kuscheln läst.</p>
</div></div>

<p>Bei Taro- Charterboote stehen für Angler und Feriengäste das ganze Jahr unsere Mietwohnwagen mit großen Vorzelten bereit.</p>
