{"id":136,"date":"2021-06-07T17:41:27","date_gmt":"2021-06-07T17:41:27","guid":{"rendered":"http:\/\/wp.fehmarnbootsverleih.de\/?page_id=136"},"modified":"2023-10-19T13:27:02","modified_gmt":"2023-10-19T12:27:02","slug":"fun","status":"publish","type":"page","link":"https:\/\/fehmarn-bootsverleih.de\/?page_id=136","title":{"rendered":"Fun"},"content":{"rendered":"\n<div class=\"wp-block-group alignfull has-subtle-background-background-color has-background\"><div class=\"wp-block-group__inner-container is-layout-flow wp-block-group-is-layout-flow\">\n<h2 class=\"has-text-align-center wp-block-heading\">Fun<\/h2>\n\n\n\n<p>aus gesundheitlichen Gr\u00fcnden k\u00f6nnen wir den FUN Sektor bis auf weiteres leider nicht bedienen.<\/p>\n\n\n<div class=\"wp-block-image\">\n<figure class=\"aligncenter size-large is-resized\"><img loading=\"lazy\" decoding=\"async\" src=\"https:\/\/fehmarn-bootsverleih.de\/wp-content\/uploads\/2021\/06\/Fun-1.png\" alt=\"\" class=\"wp-image-1827\" width=\"304\" height=\"152\" srcset=\"https:\/\/fehmarn-bootsverleih.de\/wp-content\/uploads\/2021\/06\/Fun-1.png 512w, https:\/\/fehmarn-bootsverleih.de\/wp-content\/uploads\/2021\/06\/Fun-1-300x150.png 300w\" sizes=\"(max-width: 304px) 100vw, 304px\" \/><\/figure><\/div>\n\n\n<p class=\"has-text-align-center\">Taro- Charterboot ist nicht nur f\u00fchrend in der Bootsvermietung, wir bieten auch Wassersport pur in intakter Natur. In der Sommer-Saison bietet <strong>Taro &#8211; Fun vom eigenen Steg aus t\u00e4glich ein Feuerwerk f\u00fcr Wassersportbegeisterte, <\/strong>wenn das Wetter mitspielt.<\/p>\n\n\n\n<p class=\"has-text-align-center\"><strong>Kurztrips im Speedboot\u00a0bis <\/strong>zur Fehmarnsundbr\u00fccke sind je nach Wetterlage und Absprache noch m\u00f6glich, Fotoshooting von der Br\u00fccke.<\/p>\n\n\n\n<p class=\"has-text-align-center\"><strong>Wasserski\/Wakeboard &nbsp;<\/strong>kann bei uns fast jeder lernen. Ob Mono oder Paar, alles ist da. F\u00fcr Profis eine sportliche Herausforderung, f\u00fcr Laien ein unvergesslicher Spass.<\/p>\n\n\n\n<p><\/p>\n<\/div><\/div>\n\n\n\n<div class=\"wp-block-media-text alignwide has-media-on-the-right is-stacked-on-mobile is-vertically-aligned-top is-style-default\"><figure class=\"wp-block-media-text__media\"><img loading=\"lazy\" decoding=\"async\" width=\"1024\" height=\"686\" src=\"https:\/\/fehmarn-bootsverleih.de\/wp-content\/uploads\/2021\/06\/Matratze2-1024x686.jpg\" alt=\"\" class=\"wp-image-619 size-full\" srcset=\"https:\/\/fehmarn-bootsverleih.de\/wp-content\/uploads\/2021\/06\/Matratze2-1024x686.jpg 1024w, https:\/\/fehmarn-bootsverleih.de\/wp-content\/uploads\/2021\/06\/Matratze2-300x201.jpg 300w, https:\/\/fehmarn-bootsverleih.de\/wp-content\/uploads\/2021\/06\/Matratze2-768x514.jpg 768w, https:\/\/fehmarn-bootsverleih.de\/wp-content\/uploads\/2021\/06\/Matratze2-1536x1029.jpg 1536w, https:\/\/fehmarn-bootsverleih.de\/wp-content\/uploads\/2021\/06\/Matratze2-2048x1372.jpg 2048w, https:\/\/fehmarn-bootsverleih.de\/wp-content\/uploads\/2021\/06\/Matratze2-1200x804.jpg 1200w, https:\/\/fehmarn-bootsverleih.de\/wp-content\/uploads\/2021\/06\/Matratze2-1980x1326.jpg 1980w\" sizes=\"(max-width: 1024px) 100vw, 1024px\" \/><\/figure><div class=\"wp-block-media-text__content\">\n<p>F\u00fcr die ganz &#8222;Harten&#8220; stehen unterschiedliche <strong>MATRATZEN<\/strong> zur Wahl. Hier haben Sie die M\u00f6glichkeit, Ihre Grenzen zu testen. <strong>Reifen (Tube)<\/strong> oder mal mit einem <strong>Surfbrett<\/strong> hinter einem starken Motorboot d\u00fcsen. Fast alles ist m\u00f6glich. Selbst ausgefallende W\u00fcnsche werden erf\u00fcllt. (Mehr Action Bilder in der <a href=\"https:\/\/fehmarn-bootsverleih.de\/?page_id=1328\">Galerie<\/a>.)<\/p>\n<\/div><\/div>\n\n\n\n<div class=\"wp-block-media-text alignwide is-stacked-on-mobile is-vertically-aligned-top is-style-default\"><figure class=\"wp-block-media-text__media\"><img loading=\"lazy\" decoding=\"async\" width=\"1024\" height=\"768\" src=\"https:\/\/fehmarn-bootsverleih.de\/wp-content\/uploads\/2021\/06\/Banane-1024x768.jpg\" alt=\"\" class=\"wp-image-618 size-full\" srcset=\"https:\/\/fehmarn-bootsverleih.de\/wp-content\/uploads\/2021\/06\/Banane-1024x768.jpg 1024w, https:\/\/fehmarn-bootsverleih.de\/wp-content\/uploads\/2021\/06\/Banane-300x225.jpg 300w, https:\/\/fehmarn-bootsverleih.de\/wp-content\/uploads\/2021\/06\/Banane-768x576.jpg 768w, https:\/\/fehmarn-bootsverleih.de\/wp-content\/uploads\/2021\/06\/Banane-1536x1152.jpg 1536w, https:\/\/fehmarn-bootsverleih.de\/wp-content\/uploads\/2021\/06\/Banane-2048x1536.jpg 2048w, https:\/\/fehmarn-bootsverleih.de\/wp-content\/uploads\/2021\/06\/Banane-1200x900.jpg 1200w, https:\/\/fehmarn-bootsverleih.de\/wp-content\/uploads\/2021\/06\/Banane-1980x1485.jpg 1980w\" sizes=\"(max-width: 1024px) 100vw, 1024px\" \/><\/figure><div class=\"wp-block-media-text__content\">\n<p>Wir fahren <strong>Banane<\/strong> f\u00fcr Gro\u00dfe und Kleine f\u00fcr Familien und Vereine. Jugendgruppen k\u00f6nnen auf Anfrage gern bedient werden. <a href=\"https:\/\/fehmarn-bootsverleih.de\/?page_id=140#wassersport\">Zu den Preisen.<\/a><\/p>\n<\/div><\/div>\n\n\n\n<div class=\"wp-block-media-text alignwide has-media-on-the-right is-stacked-on-mobile\"><figure class=\"wp-block-media-text__media\"><img loading=\"lazy\" decoding=\"async\" width=\"1024\" height=\"768\" src=\"https:\/\/fehmarn-bootsverleih.de\/wp-content\/uploads\/2021\/06\/zweisurfer-1024x768.jpg\" alt=\"\" class=\"wp-image-1869 size-full\" srcset=\"https:\/\/fehmarn-bootsverleih.de\/wp-content\/uploads\/2021\/06\/zweisurfer-1024x768.jpg 1024w, https:\/\/fehmarn-bootsverleih.de\/wp-content\/uploads\/2021\/06\/zweisurfer-300x225.jpg 300w, https:\/\/fehmarn-bootsverleih.de\/wp-content\/uploads\/2021\/06\/zweisurfer-768x576.jpg 768w, https:\/\/fehmarn-bootsverleih.de\/wp-content\/uploads\/2021\/06\/zweisurfer-1200x900.jpg 1200w, https:\/\/fehmarn-bootsverleih.de\/wp-content\/uploads\/2021\/06\/zweisurfer.jpg 1440w\" sizes=\"(max-width: 1024px) 100vw, 1024px\" \/><\/figure><div class=\"wp-block-media-text__content\">\n<p>F\u00fcr jeden Spa\u00df sind wir zu haben. Zwei fitte Jungs auf dem <strong>Surfboard<\/strong>. Wir ziehen so ziemlich alles. Einfach fragen.<\/p>\n\n\n\n<p><strong>Taro Fun<\/strong> macht es m\u00f6glich.<\/p>\n<\/div><\/div>\n\n\n\n<p>Bei Taro &#8211; Fun Wassersport werden <strong>behinderte Menschen<\/strong> nicht ausgegrenzt. Hier k\u00f6nnen Sie je nach Behinderung (Schwimmen ist aber Voraussetzung) an unserem Wassersportprogramm auf Anfrage teilnehmen. <strong>Gruppen, Vereine, bitte rechtzeitig anmelden.<\/strong><\/p>\n\n\n\n<p><\/p>\n","protected":false},"excerpt":{"rendered":"<p>Taro- Charterboot ist nicht nur f\u00fchrend in der Bootsvermietung, wir bieten auch Wassersport pur in intakter Natur.<\/p>\n","protected":false},"author":1,"featured_media":0,"parent":0,"menu_order":0,"comment_status":"closed","ping_status":"closed","template":"tw-no-title.php","meta":{"footnotes":""},"_links":{"self":[{"href":"https:\/\/fehmarn-bootsverleih.de\/index.php?rest_route=\/wp\/v2\/pages\/136"}],"collection":[{"href":"https:\/\/fehmarn-bootsverleih.de\/index.php?rest_route=\/wp\/v2\/pages"}],"about":[{"href":"https:\/\/fehmarn-bootsverleih.de\/index.php?rest_route=\/wp\/v2\/types\/page"}],"author":[{"embeddable":true,"href":"https:\/\/fehmarn-bootsverleih.de\/index.php?rest_route=\/wp\/v2\/users\/1"}],"replies":[{"embeddable":true,"href":"https:\/\/fehmarn-bootsverleih.de\/index.php?rest_route=%2Fwp%2Fv2%2Fcomments&post=136"}],"version-history":[{"count":31,"href":"https:\/\/fehmarn-bootsverleih.de\/index.php?rest_route=\/wp\/v2\/pages\/136\/revisions"}],"predecessor-version":[{"id":2037,"href":"https:\/\/fehmarn-bootsverleih.de\/index.php?rest_route=\/wp\/v2\/pages\/136\/revisions\/2037"}],"wp:attachment":[{"href":"https:\/\/fehmarn-bootsverleih.de\/index.php?rest_route=%2Fwp%2Fv2%2Fmedia&parent=136"}],"curies":[{"name":"wp","href":"https:\/\/api.w.org\/{rel}","templated":true}]}}